54 (base 13) to base 6
-131031
Convert 33561 (base 7) to base 3.
102200120
What is -716 (base 15) in base 14?
-820
What is -217 (base 14) in base 9?
-508
200121121 (base 3) to base 12
7a2a
What is 1103300 (base 4) in base 2?
1010011110000
-182c (base 13) to base 5
-103322
What is -6561 (base 7) in base 8?
-4452
Convert -f87 (base 16) to base 13.
-1a6a
What is 13133 (base 4) in base 14?
263
Convert -3023 (base 4) to base 9.
-245
What is -2110110102 (base 3) in base 2?
-1011110101000001
-332332 (base 6) to base 14
-a1a0
Convert 541331 (base 6) to base 5.
2410112
952 (base 13) to base 15
70d
What is 11041 (base 6) in base 8?
3001
Convert 101001 (base 4) to base 11.
900
Convert 8904 (base 10) to base 13.
408c
-a0 (base 13) to base 8
-202
Convert -232 (base 15) to base 12.
-355
What is -2536 (base 14) in base 6?
-50100
-543 (base 16) to base 5
-20342
Convert -433 (base 14) to base 3.
-1010201
What is 10001110000011 (base 2) in base 14?
3455
What is -1100101111 (base 2) in base 11?
-681
What is 30530 (base 7) in base 3?
101020122
-d76 (base 14) to base 12
-1650
What is -2381 (base 16) in base 15?
-2a5e
What is -444443 (base 5) in base 13?
-715a
What is 20221202 (base 3) in base 9?
6852
What is -241 (base 14) in base 5?
-3244
Convert -53044 (base 6) to base 15.
-21c1
What is -26227 (base 8) in base 11?
-8638
What is -410 (base 8) in base 15?
-129
Convert 4344 (base 7) to base 10.
1551
Convert 176a (base 11) to base 2.
100011001110
Convert 2000020 (base 3) to base 6.
10440
What is 19b (base 15) in base 10?
371
What is -5a19 (base 11) in base 12?
-4691
What is -843 (base 10) in base 16?
-34b
-128 (base 10) to base 15
-88
What is -11143 (base 5) in base 16?
-31e
-567 (base 13) to base 4
-32202
-1132443 (base 5) to base 6
-241114
What is -101212 (base 3) in base 8?
-445
What is 1203201 (base 4) in base 5?
200434
What is 1526 (base 7) in base 10?
608
18280 (base 10) to base 13
8422
What is 61121 (base 7) in base 8?
34735
-25051 (base 9) to base 7
-100006
Convert 13433 (base 5) to base 16.
45e
Convert -7005 (base 11) to base 9.
-13707
Convert 130032 (base 5) to base 12.
2aa1
-2534 (base 6) to base 14
-334
53 (base 7) to base 16
26
What is -16808 (base 9) in base 10?
-11591
31011 (base 4) to base 10
837
What is -1621 (base 8) in base 10?
-913
Convert 11133 (base 4) to base 9.
430
-10031331 (base 4) to base 7
-101241
Convert -20300 (base 5) to base 8.
-2455
-34 (base 5) to base 2
-10011
What is -38a (base 16) in base 4?
-32022
Convert -434 (base 13) to base 8.
-1317
-947 (base 11) to base 15
-510
Convert 6d8d (base 16) to base 7.
144523
What is -21001213 (base 4) in base 12?
-19487
Convert 1b9 (base 16) to base 11.
371
What is 4116 (base 8) in base 15?
96b
-23065 (base 8) to base 10
-9781
What is -3337 (base 9) in base 10?
-2464
-859 (base 15) to base 2
-11101011100
Convert -643 (base 11) to base 5.
-11043
What is -7304 (base 8) in base 16?
-ec4
Convert -201121 (base 3) to base 13.
-319
Convert -1011001100 (base 3) to base 5.
-1211020
1794 (base 15) to base 4
1033201
-1925 (base 16) to base 2
-1100100100101
-65500 (base 7) to base 2
-11111111101110
Convert -a35a (base 11) to base 6.
-143334
Convert -22022201 (base 3) to base 5.
-143232
Convert 111321 (base 4) to base 15.
636
What is 4275 (base 12) in base 5?
213124
What is -452 (base 6) in base 13?
-107
Convert 458 (base 10) to base 12.
322
421206 (base 7) to base 4
101230131
103231030 (base 4) to base 5
10040331
What is bd (base 15) in base 3?
20121
-3408 (base 10) to base 9
-4606
-3420 (base 5) to base 7
-1262
Convert 10010010001010 (base 2) to base 16.
248a
53b (base 12) to base 10
767
-676a (base 16) to base 8
-63552
What is 33145 (base 6) in base 12?
27b5
What is 3301323 (base 5) in base 6?
1113223
Convert 4266 (base 14) to base 10.
11458
-13114 (base 6) to base 10
-1990
1225152 (base 6) to base 7
363161
13314 (base 6) to base 15
927
-1211221010 (base 3) to base 4
-20320233
What is 16b (base 14) in base 3?
101210
Convert 1c27 (base 15) to base 11.
4657
What is -40055 (base 7) in base 6?
-112352
What is -84 (base 10) in base 5?
-314
What is 1021120111 (base 3) in base 14?
9284
Convert 487 (base 16) to base 9.
1527
What is a04 (base 15) in base 10?
2254
469 (base 13) to base 16
2fb
What is 1212 (base 5) in base 4?
2312
-5cca (base 13) to base 15
-3d89
ab (base 13) to base 10
141
Convert -1010 (base 6) to base 10.
-222
What is -944 (base 11) in base 15?
-50c
What is -6ab (base 16) in base 4?
-122223
What is -11220 (base 5) in base 12?
-576
390 (base 12) to base 11
451
Convert 1bc6 (base 16) to base 2.
1101111000110
14550 (base 6) to base 2
100101000010
Convert -2211 (base 3) to base 4.
-1030
What is -11121111 (base 3) in base 16?
-d21
Convert -12104 (base 9) to base 7.
-32425
Convert 1110111200 (base 3) to base 7.
146652
Convert -1079 (base 10) to base 2.
-10000110111
12983 (base 10) to base 3
122210212
Convert -2937 (base 13) to base 4.
-1131021
Convert b7 (base 16) to base 11.
157
What is 13550 (base 8) in base 13?
295c
What is -a7 (base 14) in base 12?
-103
Convert -9031 (base 11) to base 9.
-17427
Convert -1000211002 (base 3) to base 16.
-4f37
What is -728d (base 14) in base 9?
-30046
285 (base 11) to base 13
1ca
-451 (base 10) to base 6
-2031
-5352 (base 8) to base 15
-c64
-36a4 (base 11) to base 6
-34213
4974 (base 16) to base 2
100100101110100
What is -1b2 (base 14) in base 13?
-211
What is -2231324 (base 5) in base 15?
-bae4
Convert 28b52 (base 13) to base 2.
10010101101010000
Convert -2220221 (base 3) to base 12.
-1297
What is -3350 (base 7) in base 16?
-4bb
What is -633 (base 8) in base 6?
-1523
-b36 (base 12) to base 9
-2206
Convert -8156 (base 11) to base 7.
-43401
What is 11011001 (base 2) in base 14?
117
-5 (base 16) to base 11
-5
1335 (base 7) to base 9
633
What is -22531 (base 6) in base 2?
-110010010111
Convert -12346 (base 8) to base 10.
-5350
What is -1250 (base 8) in base 9?
-835
Convert -5442 (base 7) to base 10.
-1941
-23225 (base 6) to base 11
-2557
What is 211666 (base 7) in base 8?
107534
What is 997 (base 14) in base 10?
1897
11120200 (base 3) to base 4
310023
-11035 (base 10) to base 11
-8322
Convert -12202 (base 3) to base 6.
-415
What is -c615 (base 13) in base 9?
-41520
310523 (base 6) to base 15
7549
What is -472 (base 11) in base 5?
-4223
What is -3842 (base 15) in base 14?
-4523
Convert a57 (base 13) to base 5.
24022
What is -920 (base 10) in base 15?
-415
What is 111110210 (base 3) in base 7?
40431
-41065 (base 7) to base 10
-9994
What is -113103 (base 5) in base 11?
-3136
22233 (base 8) to base 13
435b
5226 (base 8) to base 4
222112
-b5b (base 12) to base 14
-863
Convert 67 (base 13) to base 15.
5a
6224 (base 15) to base 7
114310
What is 536 (base 7) in base 6?
1132
What is -211346 (base 8) in base 16?
-112e6
What is -10000110011100101 (base 2) in base 11?
-4779a
20321 (base 6) to base 12
16a1
Convert -132114 (base 5) to base 9.
-7221
-1764 (base 9) to base 8
-2512
What is 34a (base 11) in base 8?
641
What is -58d2 (base 16) in base 12?
-111aa
What is 1111101010 (base 2) in base 12?
6b6
Convert 56051 (base 7) to base 6.
145135
What is 67d7 (base 14) in base 6?
215241
Convert -2280 (base 13) to base 7.
-20046
1111012 (base 3) to base 7
3110
What is 15a88 (base 13) in base 10?
41348
Convert 4a (base 13) to base 7.
116
Convert -205d (base 14) to base 10.
-5571
141124 (base 5) to base 12
3425
What is 1111000010 (base 2) in base 7?
2543
-474 (base 13) to base 3
-1001120
Convert -1211022021 (base 3) to base 4.
-20301220
Convert 110 (base 4) to base 12.
18
-1001011110110 (base 2) to base 14
-1aaa
What is 7fe (base 16) in base 6?
13250
Convert -4214 (base 7) to base 9.
-2025
What is -c23 (base 16) in base 5?
-44412
1000010101 (base 2) to base 16
215
What is -19d0 (base 16) in base 9?
-10052
What is -130223 (base 5) in base 15?
-1778
What is -57a (base 12) in base 11?
-680
What is 1221101 (base 4) in base 7?
25433
Convert 33519 (base 10) to base 7.
166503
-22b (base 15) to base 14
-271
What is -155 (base 11) in base 13?
-10c
-5663 (base 10) to base 7
-22340
What is 25861 (base 12) in base 11?
35630
Convert -10101110000101 (base 2) to base 8.
-25605
Convert -11889 (base 14) to base 11.
-2a214
Convert -2279 (base 12) to base 7.
-14121
Convert -31134 (base 10) to base 12.
-16026